nds digit of f(-16)?
1
Let a = -16 + 6. What is the tens digit of ((-306)/15)/(5 - (-53)/a)?
6
Let q = 3050 - -51981. What is the ten thousands digit of q?
5
What is the tens digit of (32*(-561)/34)/(3/(-32))?
3
Let j = 7802 + -935. What is the thousands digit of j?
6
Let u be (3 - -1)*2/4. Suppose -u*w - 273 = 11*w. Let v(b) = b**2 + 10*b - 29. What is the tens digit of v(w)?
0
Suppose -2*d = 4*v + 2, -5*d - 11 = -0*d + 4*v. Let w(h) = -h**2 - 4*h + 2. Let l be w(-4). What is the tens digit of (-195)/l*2/d?
6
Let t be 10 - 2*(3/6 + 1). Suppose t*p - 146 = 281. What is the tens digit of p?
6
Let u(b) = -38*b + 1. Let y be u(-4). What is the tens digit of y - ((-8)/3)/(16/24)?
5
Let k be 7/(-49)*1 + (-547)/(-7). What is the units digit of (-13)/(k/(-18)) + 2*296?
5
Suppose -51*x = -49*x + 2*j - 30532, 15 = 3*j. What is the units digit of x?
1
What is the tens digit of (-45 + (9 - (0 + 4)))/(16/(-5128))?
2
Suppose -12*s - 51429 - 2531 = -17*s. What is the units digit of s?
2
Let l be (102/(-85))/(2/(-5)). Suppose 0 = -l*y + 836 + 1327. What is the units digit of y?
1
Let y = -457 + 708. Suppose 252*u - y*u = 305. What is the units digit of u?
5
Let h = -78 + 80. Suppose -510 = -t - 5*p, 4*t = -3*p + h*p + 2002. What is the units digit of t?
0
Let z(u) = -2*u**2 - 2*u + 18. Let i be z(0). Suppose 387 = j + i. What is the hundreds digit of j?
3
Let n be 65/20 - (-15)/20. Suppose n*s + 172 = 664. What is the tens digit of s*(-9)/(81/(-6))?
8
Let z(r) = 22*r**2 - 5*r + 18. Let x be z(19). Suppose 18*g + 197 = x. What is the tens digit of g?
2
Suppose -4*x + 17 = -3, v = -3*x + 495. Let u = v - 91. What is the units digit of u?
9
Let o(n) = 7*n**2 - 16*n + 22. Let t be o(-12). Let l = t + -863. What is the tens digit of l?
5
Let q(s) = s**3 + 8*s**2 + 12*s - 2. Let z be q(-6). Let w = 14 + z. What is the units digit of 0 + (-116)/w*-3 + 2?
1
Suppose 3*u - 3*k = 5778, 206*k = 5*u + 204*k - 9630. What is the hundreds digit of u?
9
Let m be 8 + (-10788)/90 - (-4)/(-30). Let o = 267 + m. What is the hundreds digit of o?
1
Let k = -51471 - -79199. What is the hundreds digit of k?
7
Let g(j) = j**2 - 25*j - 40. Let o be g(27). What is the hundreds digit of 6206/o + 16/(-56) + 0?
4
Suppose -239*v - 413594 = -2346148. What is the tens digit of v?
8
Let a = -5552 + 6735. What is the hundreds digit of a?
1
Suppose 5*j - 4*o - 89586 - 37250 = 0, 0 = o - 6. What is the units digit of j?
2
Suppose 147 - 132 = -3*k. Let y = -22 - -32. Let i = y + k. What is the units digit of i?
5
Suppose -20*t + 46216 + 233624 = 0. What is the ten thousands digit of t?
1
Let o(w) = 56 - 44*w - 62*w - 116 - 17. What is the tens digit of o(-5)?
5
Let i = 39 - 79. Let h be 150/i*(-160)/6. Suppose 5*j - 470 = h. What is the hundreds digit of j?
1
What is the thousands digit of 4/(-42)*369/82 - 3842132/(-98)?
9
Let b = -85 - -141. Suppose -38 = -h + b. Let r = 159 - h. What is the tens digit of r?
6
Let u = 52 + -48. Suppose -u = -5*m + 16. Suppose -4*w + 3*n + 108 = 0, -n = 3*w + m*n - 81. What is the tens digit of w?
2
Suppose 0 = -3*k - 2*k - 3*b + 4484, -1793 = -2*k - b. Let v be (2 - (-5)/(-4)) + k/(-20). Let y = v - -73. What is the tens digit of y?
2
What is the ten thousands digit of (2466 - -20)/(-22)*-277?
3
Suppose 3 + 2 = -h, 3*h = 5*c - 171310. What is the ten thousands digit of c?
3
Suppose -4 = -2*n + 50. Suppose -4 = 2*m, 24 = x + 5*m - n. Let h = x + 14. What is the units digit of h?
5
Let v(y) = -4*y - 75. Let o be v(-20). Let p = 12 - 9. Suppose -o*q + p*q + 134 = 0. What is the units digit of q?
7
Let w = -27 - -29. Suppose 0 = -w*g + 9 - 3. Suppose -3*t = -g*q - 120, 3*t - 96 = -0*t - 3*q. What is the units digit of t?
6
Suppose -y = -0*y + 1221. Let t = -813 - y. What is the units digit of t/9 + 7/(-21)?
5
Let f(x) = 8*x - 3. Let o be f(1). Suppose 0 = -o*d + 84 + 36. Suppose -w + d = -54. What is the tens digit of w?
7
Let j(a) = a**3 - 24*a**2 + 43*a + 24. Let u be j(22). Let h(x) = 0*x**2 + 6*x**2 - 3*x**2 - 6 + x - u*x. What is the units digit of h(7)?
4
Suppose -3*x + u + 737 = -4*u, -x = -4*u - 248. Suppose 5*z + 2*g = x, 6*z - 4*z - 102 = -3*g. What is the tens digit of z?
4
Let k = 3045 + -1411. Suppose 4*u - 1358 = k. What is the hundreds digit of u?
7
Suppose 45471 - 6091 = 20*b. What is the hundreds digit of b?
9
Let x be 32 - 8/24*-15. Suppose -27*y = -x*y + 11420. What is the thousands digit of y?
1
Let y(m) = 39*m**3 + m**2 - 2*m. Suppose -22 = -2*w - 18. Let d be y(w). Suppose -d = -7*s + 220. What is the units digit of s?
6
What is the thousands digit of (840004/(-99) - 90/81)*(-38)/4?
0
Let s = 714 + -152. Suppose 0 = 11*z - 13*z + 276. Suppose 3*p - 2*b - s = 0, p - z - 46 = -b. What is the tens digit of p?
8
Let p be (-6)/(-4*4/528). Suppose 2*w - 1328 = -2*w. Let x = w - p. What is the units digit of x?
4
Let a(r) = -r**3 - 17*r**2 - 27*r - 40. Let v be a(-16). What is the units digit of (v/6)/(50/600)?
2
Let d be (9*40/84 - 4)*7. Suppose 12*y = d + 46. What is the units digit of y?
4
Let a(k) = 7*k**2 + 5*k. Let q(s) = -4*s**2 - 2*s. Let n(t) = -3*a(t) - 5*q(t). Let l be n(-4). Suppose -80 = -l*d + 176. What is the tens digit of d?
6
Suppose -5*p + 8 = -2*x, 0*p = 4*x - p + 16. Let m(w) = -34*w + 19. What is the hundreds digit of m(x)?
1
Suppose 0 = -0*v - 8*v + 4232. Suppose h = b + v, -h - 2*b + 242 = -302. What is the units digit of h?
4
Let i = -49 - -48. Suppose 4*q - 74 = 2. What is the tens digit of (1 + 0)*i + (q - 1)?
1
Suppose 0 = 5*g + 7403 - 22508. Let j = g + -1905. What is the tens digit of j?
1
Let g(b) = -b**3 + b**2 + 36*b + 61. Let j be g(0). Suppose d + 0*d = 28. Let l = j - d. What is the tens digit of l?
3
Suppose -6*s = -11*s + 85. Suppose s*y = 15*y + 160. What is the tens digit of y?
8
Suppose -10*c + 176 = -14*c. Let x = 48 + c. Suppose x*g - 133 = 3*g - 4*v, 2*v = -g + 141. What is the units digit of g?
9
Let k be 2 + -6 + 4/2 - -1928. What is the hundreds digit of k - (9 + 2 + -7)?
9
Let v be (-38)/(-7) - (-72)/126. Suppose -213 = v*h - 609. Suppose -103 = h*s - 67*s. What is the units digit of s?
3
Let p = 115 + -72. Let u(f) = -11*f**2 + 7*f + 1. Let z be u(2). Let m = p + z. What is the tens digit of m?
1
Let c = 345 + -50. Suppose -5*l = 2*y - c, 4*y = 5*y - 5*l - 110. What is the units digit of y?
5
What is the thousands digit of ((554598/(-10))/11)/((-15)/175)?
8
Suppose -3*z = 2*q - 2*z - 1239, 5*q = 5*z + 3105. Let u = -66 + q. What is the hundreds digit of u?
5
Suppose 39*t + 75330 = 330429. What is the thousands digit of t?
6
Let s(f) be the third derivative of f**4/24 + 109*f**3/6 - 187*f**2. What is the tens digit of s(14)?
2
Suppose 2*g - 2012 = 5*z - 0*g, 0 = 3*g - 3. What is the hundreds digit of (18 - z) + 2/2?
4
Let s be ((-6)/15 - (-4072)/(-20))*-1. Let t be (-10)/6 + 1 + s/36. What is the hundreds digit of t*(-3)/(-5) - (-102 + 1)?
1
Suppose -5*d = -t - 11, 0 = 4*t - 9*d + 7*d - 10. Suppose 0 = -2*h - 2*u + 3880, 0*h + 9697 = 5*h + t*u. What is the thousands digit of h?
1
Let m be ((-4)/(-2))/((-15)/(-75)). Let q be m + (-1 - -1) - 0/(-5). Suppose q*f - 1627 = -337. What is the units digit of f?
9
Let i = 10304 + -3581. What is the tens digit of i?
2
Suppose -379*t = -383*t + 8. Suppose u + 1061 = x + 4*u, 0 = t*x + u - 2117. What is the hundreds digit of x?
0
What is the hundreds digit of (14 + (-32787)/27)*-18*(1 - 0)?
6
Let t = -26591 + 37959. What is the tens digit of t?
6
Let z be (-1 + 1/3*-3)*-2. Let t be (0 - 12) + 0 + z. Let k(y) = -y**3 - 7*y**2 - 7*y + 17. What is the hundreds digit of k(t)?
1
Suppose -3*r - 3*n = 90, -n + 59 = -5*r - 121. Let l = r + 89. Suppose 0 = 9*g - l - 2052. What is the hundreds digit of g?
2
Let p = -608 + 2005. Suppose 0 = -3*r - j + p, r + 1417 = 4*r + 5*j. What is the units digit of r?
4
Suppose 30 = 3*d - d - 3*c, -5*d - 5*c + 125 = 0. Suppose -d*a + 9724 = -4*a. What is the hundreds digit of a?
5
Let z = 48 + -45. Let m be 12/z - 25/5. What is the tens digit of (-87 + 1 + m)*(-40)/40?
8
What is the units digit of 2/(-6) + (-613645)/(-93)?
8
Suppose -9*m - 14288 = -44336 - 20928. What is the tens digit of m?
6
Let a = 381 - 381. Suppose a = -9*s + 6*s - k + 2224, -k = 5*s - 3708. What is the units digit of s?
2
Suppose -27*n = -2*o - 23*n + 109410, -10